ase 8
-4665534
-800814 (base 9) to base 15
-9526d
Convert -11010121201102 (base 3) to base 13.
-5bc001
Convert -365606 (base 9) to base 8.
-656752
What is -1408b5 (base 13) in base 11?
-302a11
84b3e9 (base 15) to base 14
ba5807
1521401 (base 8) to base 4
1222030001
Convert 310302303 (base 4) to base 8.
646263
Convert -144fe (base 16) to base 6.
-1441102
Convert -8189 (base 16) to base 15.
-9c5b
Convert 148048 (base 9) to base 6.
1542025
1101012003 (base 4) to base 11
207617
-2d440a (base 15) to base 3
-11010022212201
Convert 433130014 (base 5) to base 6.
103343023
42251 (base 8) to base 16
44a9
What is 10636236 (base 7) in base 8?
3437613
What is 5403542 (base 6) in base 3?
111110211122
What is -121202201122 (base 3) in base 13?
-b72b7
3233303130 (base 4) to base 13
285108
-3a9183 (base 12) to base 7
-11145654
What is -1444135 (base 10) in base 9?
-2640874
-212101112121 (base 3) to base 6
-13511241
Convert -60a99 (base 14) to base 3.
-102211001111
What is -1c11b5d (base 14) in base 9?
-28348158
Convert a8930 (base 16) to base 10.
690480
1576470 (base 10) to base 6
53442250
Convert 100010011200120 (base 3) to base 14.
901b87
Convert 1140432001 (base 5) to base 9.
5020670
864a3 (base 12) to base 10
176955
What is 40204430 (base 7) in base 3?
20021011001012
Convert -129237 (base 10) to base 12.
-62959
What is 1243120214 (base 5) in base 7?
35222415
Convert -4ab0004 (base 12) to base 13.
-3063b89
What is 1143321342 (base 6) in base 3?
220112200000222
Convert 3213023 (base 5) to base 7.
313560
What is b0b190 (base 13) in base 2?
1111101011000110000100
Convert -27015614 (base 8) to base 13.
-1334719
What is 100100011001001110101001 (base 2) in base 11?
5426a31
Convert -10102233300 (base 4) to base 5.
-242002420
Convert 640660 (base 12) to base 2.
110000000111110101000
Convert -131113330 (base 4) to base 2.
-11101010111111100
What is 101110110001101100 (base 2) in base 12?
92a64
What is -72719 (base 10) in base 5?
-4311334
1788787 (base 9) to base 13
291b47
What is -b9b80 (base 13) in base 2?
-1010010000000100011
What is 2142405 (base 9) in base 6?
40351522
Convert -548b5 (base 12) to base 14.
-2cab7
What is 414050 (base 7) in base 14?
1bc60
Convert -3c8da0 (base 15) to base 8.
-13076564
Convert -26494 (base 12) to base 11.
-36513
Convert -9098888 (base 10) to base 8.
-42553210
What is -4580 (base 14) in base 5?
-341233
Convert 5054055 (base 8) to base 10.
1333293
33232132 (base 4) to base 5
4030124
Convert -1001110001001100 (base 2) to base 7.
-224440
What is -3242230014 (base 5) in base 2?
-11010101011001001111101
Convert 110011011100100001 (base 2) to base 11.
134355
Convert -49aaa (base 12) to base 16.
-186e2
Convert -676ac5 (base 15) to base 9.
-10248205
348ac (base 15) to base 16
28da9
Convert 1222010100 (base 3) to base 15.
b71c
Convert -1977c3 (base 14) to base 7.
-10454333
What is 29327 (base 14) in base 9?
165111
What is -241530205 (base 6) in base 7?
-53555114
Convert -c061 (base 14) to base 12.
-17131
-54210 (base 12) to base 5
-12022032
13012234211 (base 5) to base 15
15ae921
What is 101121340 (base 5) in base 12?
179911
What is 22212200012110 (base 3) in base 16?
47fbc2
-100100001011122 (base 3) to base 10
-4960970
Convert -2485010 (base 10) to base 12.
-9ba102
What is 52aa74 (base 11) in base 3?
1121010210120
-2201351 (base 6) to base 12
-53257
4327544 (base 8) to base 12
47a884
33b4c6 (base 15) to base 16
25a973
Convert -1100001100111101 (base 2) to base 12.
-24b11
328a9a (base 12) to base 2
11000100001000010110
Convert -11000101111110001 (base 2) to base 15.
-20076
What is -c0b5 (base 16) in base 11?
-34079
What is 4006210 (base 7) in base 15?
95124
Convert -143140 (base 6) to base 12.
-7ab0
7e2fba (base 16) to base 10
8269754
1611064 (base 8) to base 13
132c11
11688 (base 9) to base 6
100212
67b1c (base 13) to base 2
101110000011010101
Convert -2123084 (base 10) to base 14.
-3d3a0c
-2b256 (base 13) to base 9
-134055
152041 (base 10) to base 15
300b1
-13403103 (base 5) to base 6
-2542235
Convert 10201110201210 (base 3) to base 5.
1001240312
-33200302 (base 5) to base 16
-46359
What is -554203 (base 8) in base 15?
-3a3d4
What is 102321020 (base 4) in base 12?
38948
1032060 (base 7) to base 13
45210
Convert -a8401 (base 14) to base 3.
-202200011021
320908a (base 12) to base 5
4411040044
Convert -31000040 (base 5) to base 4.
-331002210
What is -1021033101231 (base 4) in base 6?
-1523300353
Convert 40442452 (base 6) to base 2.
100011010011000100000
Convert -1880338 (base 9) to base 10.
-1056599
What is 11000110011010110001 (base 2) in base 16?
c66b1
Convert 1b416c8 (base 13) to base 4.
202130100223
-685622 (base 9) to base 14
-a9a85
21322022 (base 4) to base 5
2244321
What is 10100130313 (base 4) in base 2?
100010000011100110111
Convert -2647627 (base 10) to base 3.
-11222111212021
Convert 1cc1cb (base 13) to base 2.
10110100110101110101
What is 141106136 (base 7) in base 2?
100011000101000000101011
22cb4 (base 13) to base 7
353455
Convert -13242202 (base 5) to base 4.
-200232210
3201cd (base 14) to base 13
472705
-120260306 (base 7) to base 3
-112001000021112
What is -241986 (base 10) in base 15?
-4ba76
-12201012011 (base 3) to base 14
-2cd6d
Convert 9c3ad (base 16) to base 13.
195365
What is c51d9 (base 14) in base 15?
95b84
Convert 4b94a (base 13) to base 16.
222da
What is -51005 (base 15) in base 13?
-8c9a2
Convert 160851 (base 9) to base 16.
18325
Convert 15a4a (base 11) to base 7.
122526
What is 146345 (base 9) in base 13?
31c34
-120110200112020 (base 3) to base 12
-2905859
Convert 10011001200011 (base 3) to base 16.
198c22
-122000100101 (base 3) to base 10
-334864
20532314 (base 8) to base 10
4371660
Convert 34a02 (base 15) to base 8.
507313
-98c7 (base 15) to base 8
-77152
-6519780 (base 10) to base 9
-13236410
What is -10312021 (base 4) in base 13?
-905b
What is 1152153 (base 7) in base 11?
a068a
Convert -6849 (base 15) to base 14.
-80bd
What is -30ab43 (base 16) in base 4?
-30022231003
Convert -3032402 (base 5) to base 2.
-1011111111001110
What is -111271 (base 10) in base 9?
-178564
What is a9177 (base 14) in base 16?
63e45
Convert -2100021120 (base 4) to base 5.
-122343144
Convert -b917db (base 14) to base 11.
-359a910
-341837 (base 13) to base 12
-4b4972
157005 (base 9) to base 6
2024522
Convert -1068055 (base 9) to base 3.
-1002022001212
What is -db7d5 (base 14) in base 13?
-1579ba
What is 159f1 (base 16) in base 6?
1522001
21b2347 (base 12) to base 10
6452839
Convert -11000000012000 (base 3) to base 2.
-1000000111000001001011
Convert 423332140 (base 6) to base 4.
130121313330
103133202221 (base 4) to base 11
2980190
Convert 2102422 (base 6) to base 3.
12011110212
What is -a3476 (base 12) in base 6?
-4323030
Convert 101001101111111111 (base 2) to base 12.
82b67
What is -4352365 (base 7) in base 3?
-1000010101011
What is -6390757 (base 10) in base 11?
-367551a
-1a705 (base 14) to base 7
-400005
What is 2918a8 (base 14) in base 11?
89429a
What is -2700673 (base 10) in base 16?
-293581
What is 3112211033 (base 4) in base 3?
1122122122212
What is -106201032 (base 7) in base 13?
-1469928
-a353 (base 15) to base 3
-1202022220
Convert 323341222 (base 5) to base 16.
152a36
What is 1369de (base 15) in base 12?
390432
Convert -1528698 (base 11) to base 8.
-11770353
-226b01 (base 12) to base 4
-2012202301
-222222032 (base 4) to base 13
-616c1
-84337 (base 14) to base 12
-1346a5
-25562 (base 15) to base 9
-201632
-2171572 (base 9) to base 10
-1169057
-400235 (base 6) to base 8
-74737
What is 1426ab (base 15) in base 6?
32443212
What is -30616351 (base 8) in base 12?
-2212b49
-190125 (base 11) to base 15
-5bc13
What is 1012003022 (base 4) in base 16?
460ca
2783184 (base 9) to base 5
342443212
Convert 120958 (base 13) to base 10.
430009
Convert -7aac83 (base 14) to base 16.
-3fc393
What is -223211110 (base 4) in base 13?
-63340
-2188473 (base 9) to base 10
-1180641
What is 104425303 (base 6) in base 9?
3516763
-a8585 (base 15) to base 11
-33563a
What is 1051834 (base 9) in base 11?
356a91
What is 25678a (base 12) in base 2?
10010101100111011010
What is 1100210212022 (base 3) in base 8?
2607056
What is 23300144 (base 5) in base 6?
4320005
ca070 (base 13) to base 16
590f9
769010 (base 11) to base 14
23d329
What is -2033211321 (base 4)